{"id":25,"date":"2020-04-22T18:02:45","date_gmt":"2020-04-22T18:02:45","guid":{"rendered":"https:\/\/lushaku09.al\/?page_id=25"},"modified":"2024-11-28T14:45:47","modified_gmt":"2024-11-28T14:45:47","slug":"rreth-nesh","status":"publish","type":"page","link":"https:\/\/lushaku09.al\/index.php\/rreth-nesh\/","title":{"rendered":"RRETH NESH"},"content":{"rendered":"<div class=\"wpb-content-wrapper\"><p>[vc_row bg_type=&#8221;image&#8221; parallax_style=&#8221;vcpb-default&#8221; bg_image_new=&#8221;id^27|url^https:\/\/lushaku09.al\/wp-content\/uploads\/2020\/04\/construction01_about_us_background.png|caption^null|alt^null|title^null|description^null&#8221; bg_override=&#8221;ex-full&#8221; css=&#8221;.vc_custom_1587577607898{margin-top: -70px !important;}&#8221;][vc_column width=&#8221;1\/2&#8243;][vc_empty_space height=&#8221;22px&#8221;][vc_custom_heading text=&#8221;Cilet jemi ne?&#8221; font_container=&#8221;tag:h2|text_align:left|color:%23000000&#8243; google_fonts=&#8221;font_family:Roboto%3A100%2C100italic%2C300%2C300italic%2Cregular%2Citalic%2C500%2C500italic%2C700%2C700italic%2C900%2C900italic|font_style:700%20bold%20regular%3A700%3Anormal&#8221;][vc_column_text]<\/p>\n<p style=\"text-align: justify;\"><span style=\"color: #000000;\">Me nje pervoje 10-te vjecare Shoqeria \u201cLUSHAKU 09 Sh.p.k\u201d me Administrator Z.Lulezim Lushaku, me Nipt: K92605402O, me qender ne Radostin, Dermenas, Fier, operon ne fushen e prodhimit te betonit si dhe ne tregetimin e materialeve te ndertimit.<\/span><br \/>\n<span style=\"color: #000000;\">Shoqeria jone eshte e njohur per prodhimin dhe furnizimin me beton te veprave publike dhe private ne qarkun e Fierit e me gjere. Prodhimet permbushin standartet Europiane dhe standartin EN- ISO 9001:2015. Ajo qe na dallon eshte produktiviteti i larte i prodhimit te betonit, pasi posedojme tre impiante betoni; dy impiante manuale dhe nje impiant automatik te koheve te fundit. Stafi i kualifikuar dhe me eksperience disavjecare ne fushen e sektorit te ndertimit bene te mundur kryerjen e punimeve dhe permbushjen ne kohe rekord te kerkesave te klienteve tane.<\/span><br \/>\n<span style=\"color: #000000;\">Lushaku sh.p.k posedon nje sere automjetesh dhe pajisjesh cilesore si:<\/span><\/p>\n<p>[\/vc_column_text][vc_row_inner][vc_column_inner width=&#8221;1\/3&#8243;]<div class=\"standard-arrow list-divider bullet-top\"><ul>\n<li><span style=\"color: #000000;\">Kamion<\/span><\/li>\n<li><span style=\"color: #000000;\">Fadroma<\/span><\/li>\n<\/ul>\n<\/div>[\/vc_column_inner][vc_column_inner width=&#8221;1\/3&#8243;]<div class=\"standard-arrow list-divider bullet-top\"><ul>\n<li><span style=\"color: #000000;\">Eskavator me goma<\/span><\/li>\n<li><span style=\"color: #000000;\">Autobetoniere<\/span><\/li>\n<\/ul>\n<\/div>[\/vc_column_inner][vc_column_inner width=&#8221;1\/3&#8243;]<div class=\"standard-arrow list-divider bullet-top\"><ul>\n<li><span style=\"color: #000000;\">Autopompa te viteve nga 1995 deri ne 2016<\/span><\/li>\n<\/ul>\n<\/div>[\/vc_column_inner][\/vc_row_inner][\/vc_column][vc_column width=&#8221;1\/2&#8243;][vc_empty_space height=&#8221;82px&#8221;][vc_single_image image=&#8221;30&#8243; img_size=&#8221;full&#8221; alignment=&#8221;center&#8221; image_hovers=&#8221;false&#8221;][\/vc_column][\/vc_row][vc_row][vc_column width=&#8221;1\/3&#8243;][vc_single_image image=&#8221;35&#8243; img_size=&#8221;516X255&#8243; alignment=&#8221;center&#8221; image_hovers=&#8221;false&#8221;][\/vc_column][vc_column width=&#8221;1\/3&#8243;][vc_single_image image=&#8221;37&#8243; img_size=&#8221;full&#8221; alignment=&#8221;center&#8221; image_hovers=&#8221;false&#8221;][\/vc_column][vc_column width=&#8221;1\/3&#8243;][vc_single_image image=&#8221;36&#8243; img_size=&#8221;516X255&#8243; alignment=&#8221;center&#8221; image_hovers=&#8221;false&#8221;][\/vc_column][\/vc_row][vc_row][vc_column width=&#8221;1\/2&#8243;][vc_empty_space height=&#8221;10px&#8221;][vc_custom_heading text=&#8221;LUSHAKU 09 Sh.p.k Zgjeron Pranin\u00eb e Tij me Nj\u00eb Pik\u00eb t\u00eb Re!&#8221; font_container=&#8221;tag:h3|font_size:20|text_align:left|color:%23fb9a31&#8243; google_fonts=&#8221;font_family:Roboto%3A100%2C100italic%2C300%2C300italic%2Cregular%2Citalic%2C500%2C500italic%2C700%2C700italic%2C900%2C900italic|font_style:500%20bold%20regular%3A500%3Anormal&#8221;][vc_column_text]LUSHAKU 09 Sh.p.k vazhdon t\u00eb rritet dhe t\u00eb p\u00ebrmir\u00ebsohet p\u00ebr t\u2019u sh\u00ebrbyer klient\u00ebve tan\u00eb sa m\u00eb mir\u00eb! Me hapjen e pik\u00ebs son\u00eb t\u00eb re, p\u00ebrve\u00e7 asaj ekzistuese, ne jemi m\u00eb pran\u00eb jush p\u00ebr t\u2019ju ofruar produkte t\u00eb cil\u00ebsis\u00eb m\u00eb t\u00eb lart\u00eb dhe sh\u00ebrbim profesional. Synimi yn\u00eb \u00ebsht\u00eb t\u2019ju leht\u00ebsojm\u00eb p\u00ebrvoj\u00ebn tuaj t\u00eb p\u00ebrditshme dhe t\u00eb plot\u00ebsojm\u00eb nevojat tuaja me standardet m\u00eb t\u00eb larta. Ju mir\u00ebpresim n\u00eb t\u00eb dyja pikat tona p\u00ebr t\u00eb p\u00ebrfituar nga eksperienca e shk\u00eblqyer LUSHAKU 09 Sh.p.k![\/vc_column_text][vc_media_grid style=&#8221;pagination&#8221; items_per_page=&#8221;3&#8243; grid_id=&#8221;vc_gid:1732803841546-1779848e-851f-1&#8243; include=&#8221;263,265,267,269,271,273,275,277&#8243;][\/vc_column][vc_column width=&#8221;1\/2&#8243;][vc_gmaps link=&#8221;#E-8_JTNDaWZyYW1lJTIwc3JjJTNEJTIyaHR0cHMlM0ElMkYlMkZ3d3cuZ29vZ2xlLmNvbSUyRm1hcHMlMkZlbWJlZCUzRnBiJTNEJTIxMW0xNyUyMTFtMTIlMjExbTMlMjExZDMwMzQuNDgzMTkzNzU3MDE4JTIxMmQxOS40Njk4ODQwMDAwMDAwMDQlMjEzZDQwLjQ4NjY5NzAwMDAwMDAxJTIxMm0zJTIxMWYwJTIxMmYwJTIxM2YwJTIxM20yJTIxMWkxMDI0JTIxMmk3NjglMjE0ZjEzLjElMjEzbTIlMjExbTElMjEyek5ERENzREk1SnpFeUxqRWlUaUF4T2NLd01qZ25NVEV1TmlKRiUyMTVlMCUyMTNtMiUyMTFzZW4lMjEycyUyMTR2MTczMjgwMjY4MTMzNyUyMTVtMiUyMTFzZW4lMjEycyUyMiUyMHdpZHRoJTNEJTIyNjAwJTIyJTIwaGVpZ2h0JTNEJTIyNDUwJTIyJTIwc3R5bGUlM0QlMjJib3JkZXIlM0EwJTNCJTIyJTIwYWxsb3dmdWxsc2NyZWVuJTNEJTIyJTIyJTIwbG9hZGluZyUzRCUyMmxhenklMjIlMjByZWZlcnJlcnBvbGljeSUzRCUyMm5vLXJlZmVycmVyLXdoZW4tZG93bmdyYWRlJTIyJTNFJTNDJTJGaWZyYW1lJTNF&#8221;][\/vc_column][\/vc_row][vc_row][vc_column width=&#8221;1\/4&#8243;][vc_single_image image=&#8221;42&#8243; img_size=&#8221;full&#8221; image_hovers=&#8221;false&#8221;][\/vc_column][vc_column width=&#8221;3\/4&#8243;][vc_custom_heading text=&#8221;Punimet Tona&#8221; font_container=&#8221;tag:h2|text_align:left|color:%23fb9a31&#8243; google_fonts=&#8221;font_family:Roboto%3A100%2C100italic%2C300%2C300italic%2Cregular%2Citalic%2C500%2C500italic%2C700%2C700italic%2C900%2C900italic|font_style:500%20bold%20regular%3A500%3Anormal&#8221;][vc_column_text]<span style=\"color: #000000;\">Shoqeria jone ka kryer nje sere punimesh te cilat kane qene ne sektorin privat dhe publik. Punimet e kryera perfshijne:<\/span>[\/vc_column_text][vc_row_inner][vc_column_inner width=&#8221;1\/2&#8243;][vc_column_text]<\/p>\n<ul>\n<li><span style=\"color: #000000;\">Ndertime pallatesh<\/span><\/li>\n<li><span style=\"color: #000000;\">Ndertime banesash<\/span><\/li>\n<li><span style=\"color: #000000;\">Ndertime vepra arti<\/span><\/li>\n<\/ul>\n<p>[\/vc_column_text][\/vc_column_inner][vc_column_inner width=&#8221;1\/2&#8243;][vc_column_text]<\/p>\n<ul>\n<li><span style=\"color: #000000;\">Sheshe per magazina<\/span><\/li>\n<li><span style=\"color: #000000;\">Ambiente sherbimi<\/span><\/li>\n<li><span style=\"color: #000000;\">Rehabilitime kanalesh vadites ujites etj.<\/span><\/li>\n<\/ul>\n<p>[\/vc_column_text][\/vc_column_inner][\/vc_row_inner][\/vc_column][\/vc_row][vc_row bg_type=&#8221;bg_color&#8221; bg_override=&#8221;ex-full&#8221; bg_color_value=&#8221;#f4f4f4&#8243; css=&#8221;.vc_custom_1587578400077{margin-bottom: -70px !important;}&#8221;][vc_column width=&#8221;1\/2&#8243;][vc_custom_heading text=&#8221;Klientet Tane&#8221; font_container=&#8221;tag:h2|text_align:left|color:%23017841&#8243; google_fonts=&#8221;font_family:Roboto%3A100%2C100italic%2C300%2C300italic%2Cregular%2Citalic%2C500%2C500italic%2C700%2C700italic%2C900%2C900italic|font_style:500%20bold%20regular%3A500%3Anormal&#8221;][vc_column_text]<\/p>\n<p style=\"text-align: justify;\"><span style=\"color: #000000;\">Ne kemi nje rrjet te gjere bashkepunetoresh dhe klientesh vendase dhe te huaj te cilet operojne ne sektorin e ndertimit. Bashkepunojme me kompani te cilat jane kontraktore per ndertimin e gazesjellsit te Fierit nga TAP (TAP-Trans Adriatok Pipeline) si:<\/span><\/p>\n<p>[\/vc_column_text][vc_column_text]<\/p>\n<ul>\n<li><span style=\"color: #000000;\">JV Renco Terna \u00a0(Albania)<\/span><\/li>\n<li><span style=\"color: #000000;\">Dega Renco Spa (Albania Branch)<\/span><\/li>\n<li><span style=\"color: #000000;\">Vagalat Shpk<\/span><\/li>\n<\/ul>\n<p>[\/vc_column_text][vc_column_text]<span style=\"color: #000000;\">Ndersa disa prej klienteve tane jane:<\/span>[\/vc_column_text][vc_column_text]<\/p>\n<ul>\n<li><span style=\"color: #000000;\">Sererenissima Constuzzioni<\/span><\/li>\n<li><span style=\"color: #000000;\">Salillarri Ltd<\/span><\/li>\n<li><span style=\"color: #000000;\">Aleksander Shpk<\/span><\/li>\n<li><span style=\"color: #000000;\">Modeste Shpk<\/span><\/li>\n<li><span style=\"color: #000000;\">Jubica Shpk<\/span><\/li>\n<li><span style=\"color: #000000;\">3B Shpk<\/span><\/li>\n<li><span style=\"color: #000000;\">Heko konstruksion<\/span><\/li>\n<li><span style=\"color: #000000;\">Trema Shpk<\/span><\/li>\n<\/ul>\n<p>[\/vc_column_text][\/vc_column][vc_column width=&#8221;1\/2&#8243;][vc_row_inner][vc_column_inner width=&#8221;1\/2&#8243;][vc_single_image image=&#8221;18&#8243; img_size=&#8221;full&#8221; alignment=&#8221;center&#8221; style=&#8221;vc_box_outline&#8221; border_color=&#8221;black&#8221; image_hovers=&#8221;false&#8221;][\/vc_column_inner][vc_column_inner width=&#8221;1\/2&#8243;][vc_single_image image=&#8221;17&#8243; img_size=&#8221;full&#8221; alignment=&#8221;center&#8221; style=&#8221;vc_box_outline&#8221; border_color=&#8221;black&#8221; image_hovers=&#8221;false&#8221;][\/vc_column_inner][\/vc_row_inner][vc_row_inner][vc_column_inner width=&#8221;1\/2&#8243;][vc_single_image image=&#8221;20&#8243; img_size=&#8221;full&#8221; alignment=&#8221;center&#8221; style=&#8221;vc_box_outline&#8221; border_color=&#8221;black&#8221; image_hovers=&#8221;false&#8221;][\/vc_column_inner][vc_column_inner width=&#8221;1\/2&#8243;][vc_single_image image=&#8221;19&#8243; img_size=&#8221;full&#8221; alignment=&#8221;center&#8221; style=&#8221;vc_box_outline&#8221; border_color=&#8221;black&#8221; image_hovers=&#8221;false&#8221;][\/vc_column_inner][\/vc_row_inner][vc_row_inner][vc_column_inner width=&#8221;1\/2&#8243;][vc_single_image image=&#8221;21&#8243; img_size=&#8221;full&#8221; alignment=&#8221;center&#8221; style=&#8221;vc_box_outline&#8221; border_color=&#8221;black&#8221; image_hovers=&#8221;false&#8221;][\/vc_column_inner][vc_column_inner width=&#8221;1\/2&#8243;][vc_single_image image=&#8221;23&#8243; img_size=&#8221;full&#8221; alignment=&#8221;center&#8221; style=&#8221;vc_box_outline&#8221; border_color=&#8221;black&#8221; image_hovers=&#8221;false&#8221;][\/vc_column_inner][\/vc_row_inner][\/vc_column][\/vc_row]<\/p>\n<\/div>","protected":false},"excerpt":{"rendered":"<p>[vc_row bg_type=&#8221;image&#8221; parallax_style=&#8221;vcpb-default&#8221; bg_image_new=&#8221;id^27|url^https:\/\/lushaku09.al\/wp-content\/uploads\/2020\/04\/construction01_about_us_background.png|caption^null|alt^null|title^null|description^null&#8221; bg_override=&#8221;ex-full&#8221; css=&#8221;.vc_custom_1587577607898{margin-top: -70px !important;}&#8221;][vc_column width=&#8221;1\/2&#8243;][vc_empty_space height=&#8221;22px&#8221;][vc_custom_heading text=&#8221;Cilet jemi ne?&#8221; font_container=&#8221;tag:h2|text_align:left|color:%23000000&#8243; google_fonts=&#8221;font_family:Roboto%3A100%2C100italic%2C300%2C300italic%2Cregular%2Citalic%2C500%2C500italic%2C700%2C700italic%2C900%2C900italic|font_style:700%20bold%20regular%3A700%3Anormal&#8221;][vc_column_text] Me nje pervoje 10-te vjecare Shoqeria \u201cLUSHAKU 09 Sh.p.k\u201d me Administrator Z.Lulezim Lushaku, me Nipt: K92605402O, me qender ne Radostin, Dermenas, Fier, operon ne fushen e prodhimit te betonit si dhe ne tregetimin e materialeve te ndertimit. Shoqeria jone eshte&hellip;<\/p>\n","protected":false},"author":1,"featured_media":0,"parent":0,"menu_order":0,"comment_status":"closed","ping_status":"closed","template":"","meta":{"footnotes":""},"class_list":["post-25","page","type-page","status-publish","hentry","description-off"],"_links":{"self":[{"href":"https:\/\/lushaku09.al\/index.php\/wp-json\/wp\/v2\/pages\/25","targetHints":{"allow":["GET"]}}],"collection":[{"href":"https:\/\/lushaku09.al\/index.php\/wp-json\/wp\/v2\/pages"}],"about":[{"href":"https:\/\/lushaku09.al\/index.php\/wp-json\/wp\/v2\/types\/page"}],"author":[{"embeddable":true,"href":"https:\/\/lushaku09.al\/index.php\/wp-json\/wp\/v2\/users\/1"}],"replies":[{"embeddable":true,"href":"https:\/\/lushaku09.al\/index.php\/wp-json\/wp\/v2\/comments?post=25"}],"version-history":[{"count":22,"href":"https:\/\/lushaku09.al\/index.php\/wp-json\/wp\/v2\/pages\/25\/revisions"}],"predecessor-version":[{"id":262,"href":"https:\/\/lushaku09.al\/index.php\/wp-json\/wp\/v2\/pages\/25\/revisions\/262"}],"wp:attachment":[{"href":"https:\/\/lushaku09.al\/index.php\/wp-json\/wp\/v2\/media?parent=25"}],"curies":[{"name":"wp","href":"https:\/\/api.w.org\/{rel}","templated":true}]}}